t common factor of g and 243?
27
Let m be 40/(-6)*9/(-5). Let v = m - -11. Let f be v - (-2 - (-4 + 2)). What is the greatest common factor of 46 and f?
23
Let a = 65 - 14. Let p = 101 - a. Let l = -731 + 751. Calculate the greatest common factor of l and p.
10
Let k = -593 - -632. Calculate the greatest common factor of 1014 and k.
39
Suppose 0 = -49*w + 50*w - 30. Let g = -26 - -38. Calculate the highest common divisor of w and g.
6
Let y be 10/(-15) + (-20)/(-3). Suppose u + 98 = 5*u - 2*j, -3*u = -4*j - 66. Suppose -3*a = 8 - u. Calculate the greatest common divisor of a and y.
6
Let s(w) = w**3 + 5*w**2 - 9*w - 9. Let i be s(-6). Let p be (3/(45/6))/((-10)/(-25)). Calculate the highest common divisor of i and p.
1
Let w be 19 + (85/(-34))/((-1)/(-2)). What is the highest common divisor of w and 21?
7
Let x(n) = -2*n**2 - 28*n - 7. Let b be x(-14). Let l be -1 + (-7)/(b/4). What is the highest common factor of 45 and l?
3
Let n = 113 - 65. Let u be (n/(-2))/((-27)/90). Let p = 28 - 12. What is the greatest common factor of p and u?
16
Let f be (-270)/(-63) + (-4)/14. Suppose f*i - 88 = -0*i. Calculate the highest common factor of i and 110.
22
Suppose 4*b - 5*q = 35, 5*q - 16 + 11 = 0. What is the highest common divisor of b and 250?
10
Suppose -3*l = -3*o + 846, 4*o + 5*l - 841 - 260 = 0. What is the greatest common divisor of o and 1209?
93
Suppose -2*f + 113 - 77 = 0. Calculate the greatest common divisor of 6 and f.
6
Let q = 945 + -928. What is the highest common divisor of q and 306?
17
Let f(s) = -9*s + 3. Let t be f(-3). Suppose -d + 104*j = 100*j + 14, -d - 2*j = -16. What is the greatest common divisor of d and t?
6
Let y(f) = -f**3 - 5*f**2 + 5*f - 3. Let u be y(-6). Suppose -u*r = -8 + 5. What is the highest common factor of 2 and r?
1
Suppose 5*n - 122 = -3*m + 3*n, -115 = -3*m + 5*n. What is the highest common factor of m and 130?
10
Suppose -3*y - 4*b = -5*y + 4, -4*y - 5*b = -8. Suppose 3*s + 6 = 4*s. What is the highest common factor of y and s?
2
Let n(f) = -1252*f**3 + 8*f**2 + 7*f - 2. Let a be n(-1). Calculate the greatest common factor of 27 and a.
9
Suppose 0 = 37*q - 33*q - 232. Let f = -8 + -6. Let g = f + q. Calculate the highest common divisor of g and 11.
11
Let t be 1*5*(-2 + -47). Suppose 5*q = 2*h - 469, 5*q + h + h = -461. Let p = q - t. Calculate the highest common factor of p and 19.
19
Let b = 1 - -8. Let q = -54 + 207. What is the greatest common divisor of b and q?
9
Let l be 1/(-2)*32/8. Let q = l - -86. What is the greatest common factor of 12 and q?
12
Suppose 0 = 2*k, 47 = 5*a + 5*k + 17. Let n = -137 - -155. What is the greatest common divisor of n and a?
6
Suppose -25 = -14*v + 3. What is the highest common divisor of v and 22?
2
Suppose -6*a = -4*a + 36. Let u be a/12*(1 + 1). Let m be -30*u/6*1. Calculate the highest common factor of 6 and m.
3
Let l be ((-24)/(-15))/(9 + 2920/(-325)). What is the greatest common divisor of l and 728?
104
Suppose 2*v - 46 = -2*h + 142, 5*h + 4*v = 474. Let f = -14 - -28. Calculate the highest common factor of h and f.
14
Suppose 3*d + 341 = 3*q + 134, 4*q + d = 271. Suppose -8 = -4*j + 4. Suppose -j*r = -36 - 15. What is the greatest common factor of r and q?
17
Suppose -13 = 3*o - 49. Suppose 4*m = 5*r - 284, 2*m - 14 - 234 = -4*r. Suppose 28*s - r = 23*s. What is the greatest common divisor of o and s?
12
Let x be -6 - 2/2*-145. What is the highest common factor of x and 1251?
139
Let a be (-30 - -2)*2/6*-3. What is the greatest common factor of 378 and a?
14
Let d be (-26)/((-16)/4 + 2). Let n = -55 + 107. What is the highest common factor of n and d?
13
Let j be -2 - (-3 + (-3)/3). Suppose -3*p + 147 = 3*t, 64 = 4*t + j*p - 128. Calculate the highest common divisor of 94 and t.
47
Let h be ((-8)/(-20))/(2/(-20)). Let f be (-175)/(-14) + 6/h - -2. Calculate the highest common factor of 13 and f.
13
Let l(q) = q**2 - 3*q - 8. Let a be l(-2). Suppose 4*t - 186 = -2*k, -a - 7 = 3*k. Calculate the greatest common factor of t and 12.
12
Let j = -169 + 208. Calculate the highest common factor of j and 1.
1
Let x = 0 + 70. Let k = 47 + -33. Calculate the greatest common factor of x and k.
14
Let c be ((-4)/3)/(1/36). Let g = 51 + c. What is the highest common factor of 6 and g?
3
Let j(n) be the first derivative of n**2 + 62*n - 22. Let v be j(19). Calculate the greatest common divisor of 20 and v.
20
Suppose 2*c - 248 = b - 4*b, 2*b - 160 = -4*c. What is the greatest common divisor of b and 192?
12
Suppose v + 2*u - 67 + 7 = 0, -4*v - u + 268 = 0. Let f = 285 + -268. What is the greatest common divisor of v and f?
17
Let s = -158 - -66. Let t = 337 + s. Calculate the greatest common factor of 35 and t.
35
Suppose -3*o + 186 = 5*c, 0 = 28*o - 24*o - 8. Suppose 0 = -19*l + 20*l - 84. Calculate the highest common divisor of l and c.
12
Let j(d) = -3*d - 22. Let v be ((-6)/(-4))/((-2)/12). Let q be j(v). Let p = 30 + q. Calculate the highest common divisor of p and 7.
7
Let b(s) be the third derivative of -5*s**2 + 1/12*s**4 + 0*s + 1/6*s**3 + 0. Let w be b(5). Calculate the greatest common divisor of 121 and w.
11
Let x = -336 - -340. What is the greatest common factor of 19 and x?
1
Let o be (28/35)/(((-108)/30)/(-9)). Calculate the greatest common divisor of o and 10.
2
Let x be (-6)/(-8) - -5*(-555)/(-300). Calculate the highest common factor of 630 and x.
10
Suppose -14 = -4*a + 3*a. Let u be (9/(-6))/(6/(-56)). Calculate the greatest common factor of u and a.
14
Let d(h) = -h - 2. Let c(r) = -r - 8. Let m be c(6). Let w be d(m). Calculate the greatest common divisor of 16 and w.
4
Let a = -405 - -415. Calculate the greatest common divisor of 430 and a.
10
Let n(q) = -90*q + 128. Let d be n(-11). What is the greatest common divisor of 26 and d?
26
Let o = 22 - 16. Suppose -4*g - 4 = -o*g. What is the highest common divisor of 1 and g?
1
Suppose -2*t + 7*t = -15. Let l = 11 + t. Let g = 16 - l. Calculate the highest common factor of g and 56.
8
Suppose 4*f + 528 = 9*f - 4*b, f = b + 105. What is the highest common factor of f and 9?
9
Let i(x) be the second derivative of x**4 + x**3/3 + 3*x**2 + 30*x. Let z be i(-3). What is the highest common divisor of 12 and z?
12
Let l = -157 - -161. Suppose -l*q = 8, 0*n - 5*n - q + 23 = 0. Let v(i) = 54*i**3 + 2*i**2 - 1. Let x be v(1). What is the greatest common divisor of x and n?
5
Let d be 15/(-21) + 1 + 82/7. What is the highest common divisor of 1884 and d?
12
Let t = 130 - 118. What is the highest common factor of t and 4?
4
Let n(r) = 3*r + 38. Let y be n(10). What is the highest common factor of 17 and y?
17
Let x be (1 + 7)*(-7 - -6). Let o = 37 + -37. Let u be x*(1 - (o + 3)). Calculate the highest common divisor of u and 24.
8
Suppose 2*j - 50 = -t, 4*j = 7*t - 6*t - 80. Let m = -8 - -20. What is the highest common divisor of m and t?
12
Suppose -664*z = -670*z + 408. Suppose -20 = -3*l + 31. Calculate the greatest common divisor of l and z.
17
Suppose 5*p - 4*q - 27 = -2*q, 3*q - 17 = -4*p. Suppose p*l - 13 - 2 = 0. Let i be -2 + l + 10 + 2. What is the greatest common factor of 117 and i?
13
Let z be (-59)/(-1) + (4 - 3). Suppose -3*g - 2*n + 45 = 0, -4*g = 3*n - 0*n - z. What is the highest common divisor of g and 15?
15
Let u be (-4)/(-54)*-3*-9. Suppose -2*p + 3*p - u = 0. Suppose p*c - c = -5*j + 22, 0 = -2*j + 2. Calculate the greatest common factor of c and 17.
17
Let k = 23 - 15. Let l = 38 + -18. Suppose l = -11*g + 16*g. What is the highest common factor of k and g?
4
Suppose 42 = 2*m + 42. Suppose -3*j + 621 = 3*g, g + 2*j = -2*j + 222. Suppose -2*p + g - 70 = m. What is the highest common factor of 6 and p?
6
Suppose 0 = 3*y + 15 - 57. Let u(n) = 7 - 149*n - 3 + 1. Let i be u(-1). Calculate the greatest common factor of i and y.
14
Suppose -4212 = 6*f - 15*f. Suppose 45*n = 41*n + f. Calculate the highest common factor of n and 26.
13
Let v be (1/2)/((-6)/(-648)). Suppose 4*c - 7*c = -v. Let t = 32 - c. Calculate the greatest common divisor of 154 and t.
14
Let b = 22 + -13. Suppose 19*q = 20*q - 422. Suppose 7*a - q = 82. What is the greatest common factor of b and a?
9
Let f be ((-70)/(-21))/10*(17 - -1). What is the highest common divisor of 78 and f?
6
Let j(g) = 26*g**2 + 48*g - 148. Let b 